s of 450?
2, 3, 5
What are the prime factors of 2435?
5, 487
What are the prime factors of 10173?
3, 3391
List the prime factors of 6591.
3, 13
List the prime factors of 4378.
2, 11, 199
List the prime factors of 29880.
2, 3, 5, 83
What are the prime factors of 5205?
3, 5, 347
List the prime factors of 11350.
2, 5, 227
What are the prime factors of 40613?
17, 2389
What are the prime factors of 43691?
43691
List the prime factors of 9211.
61, 151
List the prime factors of 182.
2, 7, 13
What are the prime factors of 30343?
19, 1597
What are the prime factors of 20631?
3, 13, 23
What are the prime factors of 3314?
2, 1657
What are the prime factors of 1206?
2, 3, 67
List the prime factors of 1757.
7, 251
What are the prime factors of 4648?
2, 7, 83
What are the prime factors of 22114?
2, 11057
What are the prime factors of 76410?
2, 3, 5, 283
What are the prime factors of 8689?
8689
What are the prime factors of 74715?
3, 5, 17, 293
What are the prime factors of 11601?
3, 1289
What are the prime factors of 3143?
7, 449
What are the prime factors of 3147?
3, 1049
What are the prime factors of 7189?
7, 13, 79
What are the prime factors of 3982?
2, 11, 181
List the prime factors of 878.
2, 439
What are the prime factors of 146442?
2, 3, 24407
What are the prime factors of 1590?
2, 3, 5, 53
What are the prime factors of 25152?
2, 3, 131
List the prime factors of 1925.
5, 7, 11
What are the prime factors of 53668?
2, 13417
What are the prime factors of 135349?
135349
What are the prime factors of 1618?
2, 809
What are the prime factors of 3703?
7, 23
List the prime factors of 9343.
9343
List the prime factors of 38443.
37, 1039
What are the prime factors of 11626?
2, 5813
What are the prime factors of 3?
3
List the prime factors of 87144.
2, 3, 3631
List the prime factors of 80962.
2, 7, 5783
What are the prime factors of 1760?
2, 5, 11
What are the prime factors of 2586?
2, 3, 431
List the prime factors of 2654.
2, 1327
List the prime factors of 115660.
2, 5, 5783
What are the prime factors of 2677?
2677
What are the prime factors of 48340?
2, 5, 2417
List the prime factors of 4953.
3, 13, 127
What are the prime factors of 5499?
3, 13, 47
List the prime factors of 2256.
2, 3, 47
List the prime factors of 5635.
5, 7, 23
What are the prime factors of 1789?
1789
What are the prime factors of 171687?
3, 151, 379
What are the prime factors of 655?
5, 131
What are the prime factors of 2564?
2, 641
List the prime factors of 1752.
2, 3, 73
List the prime factors of 101476.
2, 23, 1103
What are the prime factors of 55076?
2, 7, 281
List the prime factors of 4929.
3, 31, 53
What are the prime factors of 5172?
2, 3, 431
List the prime factors of 2939.
2939
What are the prime factors of 1230?
2, 3, 5, 41
What are the prime factors of 180?
2, 3, 5
What are the prime factors of 5994?
2, 3, 37
List the prime factors of 2880.
2, 3, 5
What are the prime factors of 51564?
2, 3, 4297
List the prime factors of 301.
7, 43
What are the prime factors of 19985?
5, 7, 571
What are the prime factors of 14916?
2, 3, 11, 113
List the prime factors of 1865.
5, 373
List the prime factors of 1987.
1987
What are the prime factors of 30269?
30269
List the prime factors of 841.
29
List the prime factors of 1423.
1423
List the prime factors of 19267.
19267
What are the prime factors of 55370?
2, 5, 7, 113
What are the prime factors of 25209?
3, 2801
What are the prime factors of 8491?
7, 1213
What are the prime factors of 8987?
11, 19, 43
What are the prime factors of 28887?
3, 9629
What are the prime factors of 60238?
2, 30119
What are the prime factors of 15941?
19, 839
List the prime factors of 121668.
2, 3, 10139
What are the prime factors of 2465?
5, 17, 29
What are the prime factors of 3301?
3301
List the prime factors of 4266.
2, 3, 79
What are the prime factors of 2878?
2, 1439
What are the prime factors of 2241?
3, 83
List the prime factors of 1864.
2, 233
List the prime factors of 102337.
102337
List the prime factors of 7518.
2, 3, 7, 179
List the prime factors of 20174.
2, 7, 11, 131
List the prime factors of 6444.
2, 3, 179
What are the prime factors of 4310?
2, 5, 431
List the prime factors of 2156.
2, 7, 11
What are the prime factors of 1015?
5, 7, 29
List the prime factors of 14523.
3, 47, 103
List the prime factors of 47497.
47497
List the prime factors of 174189.
3, 31, 1873
List the prime factors of 892.
2, 223
List the prime factors of 671.
11, 61
List the prime factors of 413.
7, 59
List the prime factors of 6004.
2, 19, 79
What are the prime factors of 3506?
2, 1753
List the prime factors of 229.
229
What are the prime factors of 38122?
2, 7, 389
List the prime factors of 5702.
2, 2851
List the prime factors of 62577.
3, 17, 409
What are the prime factors of 607?
607
What are the prime factors of 69794?
2, 34897
What are the prime factors of 24626?
2, 7, 1759
List the prime factors of 7915.
5, 1583
What are the prime factors of 63078?
2, 3, 10513
What are the prime factors of 29726?
2, 89, 167
What are the prime factors of 5317?
13, 409
List the prime factors of 3825.
3, 5, 17
What are the prime factors of 21?
3, 7
List the prime factors of 1047.
3, 349
List the prime factors of 976.
2, 61
What are the prime factors of 14?
2, 7
What are the prime factors of 1272?
2, 3, 53
List the prime factors of 2026.
2, 1013
List the prime factors of 85667.
85667
List the prime factors of 696.
2, 3, 29
What are the prime factors of 12756?
2, 3, 1063
What are the prime factors of 249?
3, 83
What are the prime factors of 1986?
2, 3, 331
List the prime factors of 33307.
19, 1753
List the prime factors of 24.
2, 3
List the prime factors of 4382.
2, 7, 313
List the prime factors of 1477.
7, 211
What are the prime factors of 2125?
5, 17
What are the prime factors of 13185?
3, 5, 293
List the prime factors of 32635.
5, 61, 107
What are the prime factors of 827?
827
List the prime factors of 1922.
2, 31
What are the prime factors of 3090?
2, 3, 5, 103
List the prime factors of 86710.
2, 5, 13, 23, 29
What are the prime factors of 423?
3, 47
What are the prime factors of 2261?
7, 17, 19
What are the prime factors of 47122?
2, 23561
What are the prime factors of 4636?
2, 19, 61
What are the prime factors of 2073?
3, 691
List the prime factors of 1024.
2
List the prime factors of 70387.
59, 1193
What are the prime factors of 514?
2, 257
List the prime factors of 3432.
2, 3, 11, 13
List the prime factors of 28876.
2, 7219
What are the prime factors of 93375?
3, 5, 83
What are the prime factors of 943?
23, 41
List the prime factors of 138747.
3, 7, 6607
List the prime factors of 2433.
3, 811
What are the prime factors of 30395?
5, 6079
What are the prime factors of 991?
991
List the prime factors of 3382.
2, 19, 89
List the prime factors of 904.
2, 113
List the prime factors of 85786.
2, 59, 727
What are the prime factors of 41118?
2, 3, 7, 11, 89
What are the prime factors of 16205?
5, 7, 463
List the prime factors of 9512.
2, 29, 41
What are the prime factors of 1162?
2, 7, 83
List the prime factors of 1360.
2, 5, 17
What are the prime factors of 3785?
5, 757
What are the prime factors of 55082?
2, 27541
What are the prime factors of 3?
3
What are the prime factors of 192?
2, 3
List the prime factors of 1277.
1277
What are the prime factors of 20409?
3, 6803
What are the prime factors of 1922?
2, 31
What are the prime factors of 4422?
2, 3, 11, 67
List the prime factors of 1987.
1987
List the prime factors of 76882.
2, 13, 2957
What are the prime factors of 11217?
3, 3739
What are the prime factors of 2358?
2, 3, 131
What are the prime factors of 20514?
2, 3, 13, 263
List the prime factors of 5783.
5783
List the prime factors of 635.
5, 127
List the prime factors of 3597.
3, 11, 109
List the prime factors of 22773.
3, 7591
List the prime factors of 16694.
2, 17, 491
List the prime factors of 4452.
2, 3, 7, 53
List the prime factors of 442.
2, 13, 17
What are the prime factors of 82970?
2, 5, 8297
List the prime factors of 98.
2, 7
What are the prime factors of 586?
2, 293
What are the prime factors of 1572?
2, 3, 131
What are the prime factors of 2599?
23, 113
What are the prime factors of 8831?
8831
What are the prime factors of 9139?
13, 19, 37
What are the prime factors of 225?
3